[INFO] cloning repository https://github.com/itchio/itch-lite
[INFO] running `Command { std: "git" "-c" "credential.helper=" "-c" "credential.helper=/workspace/cargo-home/bin/git-credential-null" "clone" "--bare" "https://github.com/itchio/itch-lite" "/workspace/cache/git-repos/https%3A%2F%2Fgithub.com%2Fitchio%2Fitch-lite", kill_on_drop: false }`
[INFO] [stderr] Cloning into bare repository '/workspace/cache/git-repos/https%3A%2F%2Fgithub.com%2Fitchio%2Fitch-lite'...
[INFO] running `Command { std: "git" "rev-parse" "HEAD", kill_on_drop: false }`
[INFO] [stdout] 5f84aec75178b0d57e9e9a4cbe92be2042f0aebb
[INFO] checking itchio/itch-lite against master#af3c6e733a40e671550e0f0f5aeecaa13772ba56 for pr-74989
[INFO] running `Command { std: "git" "clone" "/workspace/cache/git-repos/https%3A%2F%2Fgithub.com%2Fitchio%2Fitch-lite" "/workspace/builds/worker-4/source", kill_on_drop: false }`
[INFO] [stderr] Cloning into '/workspace/builds/worker-4/source'...
[INFO] [stderr] done.
[INFO] validating manifest of git repo https://github.com/itchio/itch-lite on toolchain af3c6e733a40e671550e0f0f5aeecaa13772ba56
[INFO] running `Command { std: "/workspace/cargo-home/bin/cargo" "+af3c6e733a40e671550e0f0f5aeecaa13772ba56" "read-manifest" "--manifest-path" "Cargo.toml", kill_on_drop: false }`
[INFO] started tweaking git repo https://github.com/itchio/itch-lite
[INFO] removed path dependency tether from git repo https://github.com/itchio/itch-lite
[INFO] finished tweaking git repo https://github.com/itchio/itch-lite
[INFO] tweaked toml for git repo https://github.com/itchio/itch-lite written to /workspace/builds/worker-4/source/Cargo.toml
[INFO] crate git repo https://github.com/itchio/itch-lite already has a lockfile, it will not be regenerated
[INFO] running `Command { std: "/workspace/cargo-home/bin/cargo" "+af3c6e733a40e671550e0f0f5aeecaa13772ba56" "fetch" "--locked" "--manifest-path" "Cargo.toml", kill_on_drop: false }`
[INFO] [stderr] warning: dependency (tether) specified without providing a local path, Git repository, or version to use. This will be considered an error in future versions
[INFO] [stderr]     Blocking waiting for file lock on package cache
[INFO] [stderr]     Updating crates.io index
[INFO] [stderr] error: the lock file /workspace/builds/worker-4/source/Cargo.lock needs to be updated but --locked was passed to prevent this
[INFO] [stderr] If you want to try to generate the lock file without accessing the network, use the --offline flag.
[INFO] the lockfile is outdated, regenerating it
[INFO] running `Command { std: "/workspace/cargo-home/bin/cargo" "+af3c6e733a40e671550e0f0f5aeecaa13772ba56" "generate-lockfile" "--manifest-path" "Cargo.toml" "-Zno-index-update", kill_on_drop: false }`
[INFO] running `Command { std: "/workspace/cargo-home/bin/cargo" "+af3c6e733a40e671550e0f0f5aeecaa13772ba56" "fetch" "--locked" "--manifest-path" "Cargo.toml", kill_on_drop: false }`
[INFO] [stderr] warning: dependency (tether) specified without providing a local path, Git repository, or version to use. This will be considered an error in future versions
[INFO] [stderr]     Blocking waiting for file lock on package cache
[INFO] [stderr]     Blocking waiting for file lock on package cache
[INFO] running `Command { std: "docker" "create" "-v" "/var/lib/crater-agent-workspace/builds/worker-4/target:/opt/rustwide/target:rw,Z" "-v" "/var/lib/crater-agent-workspace/builds/worker-4/source:/opt/rustwide/workdir:ro,Z" "-v" "/var/lib/crater-agent-workspace/cargo-home:/opt/rustwide/cargo-home:ro,Z" "-v" "/var/lib/crater-agent-workspace/rustup-home:/opt/rustwide/rustup-home:ro,Z" "-e" "SOURCE_DIR=/opt/rustwide/workdir" "-e" "CARGO_TARGET_DIR=/opt/rustwide/target" "-e" "CARGO_HOME=/opt/rustwide/cargo-home" "-e" "RUSTUP_HOME=/opt/rustwide/rustup-home" "-w" "/opt/rustwide/workdir" "-m" "1610612736" "--user" "0:0" "--network" "none" "rustops/crates-build-env@sha256:d92eaeed33fa75130ca1ee6c8a01d1ffb62bac859dfdfb3450e3e5d1c0146529" "/opt/rustwide/cargo-home/bin/cargo" "+af3c6e733a40e671550e0f0f5aeecaa13772ba56" "metadata" "--no-deps" "--format-version=1", kill_on_drop: false }`
[INFO] [stdout] a1e7dc98b3ac1df3dc2d7acc58f1a76c719c8227b7fbc5474934d434f2988a61
[INFO] [stderr] WARNING: Your kernel does not support swap limit capabilities or the cgroup is not mounted. Memory limited without swap.
[INFO] running `Command { std: "docker" "start" "-a" "a1e7dc98b3ac1df3dc2d7acc58f1a76c719c8227b7fbc5474934d434f2988a61", kill_on_drop: false }`
[INFO] running `Command { std: "docker" "inspect" "a1e7dc98b3ac1df3dc2d7acc58f1a76c719c8227b7fbc5474934d434f2988a61", kill_on_drop: false }`
[INFO] running `Command { std: "docker" "rm" "-f" "a1e7dc98b3ac1df3dc2d7acc58f1a76c719c8227b7fbc5474934d434f2988a61", kill_on_drop: false }`
[INFO] [stdout] a1e7dc98b3ac1df3dc2d7acc58f1a76c719c8227b7fbc5474934d434f2988a61
[INFO] running `Command { std: "docker" "create" "-v" "/var/lib/crater-agent-workspace/builds/worker-4/target:/opt/rustwide/target:rw,Z" "-v" "/var/lib/crater-agent-workspace/builds/worker-4/source:/opt/rustwide/workdir:ro,Z" "-v" "/var/lib/crater-agent-workspace/cargo-home:/opt/rustwide/cargo-home:ro,Z" "-v" "/var/lib/crater-agent-workspace/rustup-home:/opt/rustwide/rustup-home:ro,Z" "-e" "SOURCE_DIR=/opt/rustwide/workdir" "-e" "CARGO_TARGET_DIR=/opt/rustwide/target" "-e" "CARGO_INCREMENTAL=0" "-e" "RUST_BACKTRACE=full" "-e" "RUSTFLAGS=--cap-lints=forbid" "-e" "CARGO_HOME=/opt/rustwide/cargo-home" "-e" "RUSTUP_HOME=/opt/rustwide/rustup-home" "-w" "/opt/rustwide/workdir" "-m" "1610612736" "--user" "0:0" "--network" "none" "rustops/crates-build-env@sha256:d92eaeed33fa75130ca1ee6c8a01d1ffb62bac859dfdfb3450e3e5d1c0146529" "/opt/rustwide/cargo-home/bin/cargo" "+af3c6e733a40e671550e0f0f5aeecaa13772ba56" "check" "--frozen" "--all" "--all-targets" "--message-format=json", kill_on_drop: false }`
[INFO] [stdout] 4303660ab87d0a8f4de3cf1d73a790f202351062d7772fbf4d74b7487e893ef7
[INFO] [stderr] WARNING: Your kernel does not support swap limit capabilities or the cgroup is not mounted. Memory limited without swap.
[INFO] running `Command { std: "docker" "start" "-a" "4303660ab87d0a8f4de3cf1d73a790f202351062d7772fbf4d74b7487e893ef7", kill_on_drop: false }`
[INFO] [stderr] warning: dependency (tether) specified without providing a local path, Git repository, or version to use. This will be considered an error in future versions
[INFO] [stderr]    Compiling adler v0.2.3
[INFO] [stderr]    Compiling version_check v0.1.5
[INFO] [stderr]    Compiling glob v0.3.0
[INFO] [stderr]    Compiling gimli v0.22.0
[INFO] [stderr]    Compiling lazy_static v1.4.0
[INFO] [stderr]    Compiling object v0.20.0
[INFO] [stderr]    Compiling proc-macro2 v0.4.30
[INFO] [stderr]    Compiling byteorder v1.3.4
[INFO] [stderr]    Compiling regex-syntax v0.6.18
[INFO] [stderr]    Compiling quick-error v1.2.3
[INFO] [stderr]    Compiling unicode-width v0.1.8
[INFO] [stderr]    Compiling unicode-xid v0.1.0
[INFO] [stderr]    Compiling strsim v0.8.0
[INFO] [stderr]    Compiling termcolor v1.1.0
[INFO] [stderr]    Compiling vec_map v0.8.2
[INFO] [stderr]    Compiling ansi_term v0.11.0
[INFO] [stderr]    Compiling bindgen v0.49.4
[INFO] [stderr]    Compiling shlex v0.1.1
[INFO] [stderr]    Compiling peeking_take_while v0.1.2
[INFO] [stderr]    Compiling miniz_oxide v0.4.2
[INFO] [stderr]    Compiling libloading v0.5.2
[INFO] [stderr]    Compiling thread_local v1.0.1
[INFO] [stderr]    Compiling textwrap v0.11.0
[INFO] [stderr]    Compiling humantime v1.3.0
[INFO] [stderr]    Compiling bitflags v1.2.1
[INFO] [stderr]    Compiling memchr v2.3.3
[INFO] [stderr]     Checking log v0.4.11
[INFO] [stderr]    Compiling atty v0.2.14
[INFO] [stderr]     Checking aho-corasick v0.7.13
[INFO] [stderr]    Compiling nom v4.2.3
[INFO] [stderr]    Compiling clap v2.33.3
[INFO] [stderr]    Compiling clang-sys v0.28.1
[INFO] [stderr]    Compiling fxhash v0.2.1
[INFO] [stderr]    Compiling quote v0.6.13
[INFO] [stderr]    Compiling cexpr v0.3.6
[INFO] [stderr]    Compiling regex v1.3.9
[INFO] [stderr]    Compiling addr2line v0.13.0
[INFO] [stderr]     Checking env_logger v0.7.1
[INFO] [stderr]    Compiling backtrace v0.3.50
[INFO] [stderr]    Compiling env_logger v0.6.2
[INFO] [stderr]    Compiling failure v0.1.8
[INFO] [stderr]    Compiling which v2.0.1
[INFO] [stderr]    Compiling tether v0.3.5
[INFO] [stderr]     Checking itch-lite v0.1.0 (/opt/rustwide/workdir)
[INFO] [stdout] error[E0407]: method `handle_rpc` is not a member of trait `tether::Handler`
[INFO] [stdout]   --> src/main.rs:13:5
[INFO] [stdout]    |
[INFO] [stdout] 13 | /     fn handle_rpc(&mut self, _window: tether::Window, msg: &str) {
[INFO] [stdout] 14 | |         info!("[rpc] received {}", msg);
[INFO] [stdout] 15 | |     }
[INFO] [stdout]    | |_____^ not a member of trait `tether::Handler`
[INFO] [stdout] 
[INFO] [stdout] 
[INFO] [stdout] error[E0407]: method `handle_net` is not a member of trait `tether::Handler`
[INFO] [stdout]   --> src/main.rs:17:5
[INFO] [stdout]    |
[INFO] [stdout] 17 | /     fn handle_net(&mut self, req: tether::NetRequest) -> Result<(), Box<dyn std::error::Error>> {
[INFO] [stdout] 18 | |         let url = req.url();
[INFO] [stdout] 19 | |         info!("[net] requesting {:?}", url);
[INFO] [stdout] 20 | |
[INFO] [stdout] ...  |
[INFO] [stdout] 55 | |         Ok(())
[INFO] [stdout] 56 | |     }
[INFO] [stdout]    | |_____^ not a member of trait `tether::Handler`
[INFO] [stdout] 
[INFO] [stdout] 
[INFO] [stdout] error[E0407]: method `handle_rpc` is not a member of trait `tether::Handler`
[INFO] [stdout]   --> src/main.rs:13:5
[INFO] [stdout]    |
[INFO] [stdout] 13 | /     fn handle_rpc(&mut self, _window: tether::Window, msg: &str) {
[INFO] [stdout] 14 | |         info!("[rpc] received {}", msg);
[INFO] [stdout] 15 | |     }
[INFO] [stdout]    | |_____^ not a member of trait `tether::Handler`
[INFO] [stdout] 
[INFO] [stdout] 
[INFO] [stdout] error[E0407]: method `handle_net` is not a member of trait `tether::Handler`
[INFO] [stdout]   --> src/main.rs:17:5
[INFO] [stdout]    |
[INFO] [stdout] 17 | /     fn handle_net(&mut self, req: tether::NetRequest) -> Result<(), Box<dyn std::error::Error>> {
[INFO] [stdout] 18 | |         let url = req.url();
[INFO] [stdout] 19 | |         info!("[net] requesting {:?}", url);
[INFO] [stdout] 20 | |
[INFO] [stdout] ...  |
[INFO] [stdout] 55 | |         Ok(())
[INFO] [stdout] 56 | |     }
[INFO] [stdout]    | |_____^ not a member of trait `tether::Handler`
[INFO] [stdout] 
[INFO] [stdout] 
[INFO] [stdout] error[E0412]: cannot find type `NetRequest` in crate `tether`
[INFO] [stdout]   --> src/main.rs:17:43
[INFO] [stdout]    |
[INFO] [stdout] 17 |     fn handle_net(&mut self, req: tether::NetRequest) -> Result<(), Box<dyn std::error::Error>> {
[INFO] [stdout]    |                                           ^^^^^^^^^^ not found in `tether`
[INFO] [stdout] 
[INFO] [stdout] 
[INFO] [stdout] error[E0422]: cannot find struct, variant or union type `NetResponse` in crate `tether`
[INFO] [stdout]   --> src/main.rs:35:45
[INFO] [stdout]    |
[INFO] [stdout] 35 |                         req.respond(tether::NetResponse {
[INFO] [stdout]    |                                             ^^^^^^^^^^^ not found in `tether`
[INFO] [stdout] 
[INFO] [stdout] 
[INFO] [stdout] error[E0422]: cannot find struct, variant or union type `NetResponse` in crate `tether`
[INFO] [stdout]   --> src/main.rs:42:45
[INFO] [stdout]    |
[INFO] [stdout] 42 |                         req.respond(tether::NetResponse {
[INFO] [stdout]    |                                             ^^^^^^^^^^^ not found in `tether`
[INFO] [stdout] 
[INFO] [stdout] 
[INFO] [stdout] error[E0412]: cannot find type `NetRequest` in crate `tether`
[INFO] [stdout]   --> src/main.rs:17:43
[INFO] [stdout]    |
[INFO] [stdout] 17 |     fn handle_net(&mut self, req: tether::NetRequest) -> Result<(), Box<dyn std::error::Error>> {
[INFO] [stdout]    |                                           ^^^^^^^^^^ not found in `tether`
[INFO] [stdout] 
[INFO] [stdout] 
[INFO] [stdout] error[E0422]: cannot find struct, variant or union type `NetResponse` in crate `tether`
[INFO] [stdout]   --> src/main.rs:35:45
[INFO] [stdout]    |
[INFO] [stdout] 35 |                         req.respond(tether::NetResponse {
[INFO] [stdout]    |                                             ^^^^^^^^^^^ not found in `tether`
[INFO] [stdout] 
[INFO] [stdout] 
[INFO] [stdout] error[E0422]: cannot find struct, variant or union type `NetResponse` in crate `tether`
[INFO] [stdout]   --> src/main.rs:42:45
[INFO] [stdout]    |
[INFO] [stdout] 42 |                         req.respond(tether::NetResponse {
[INFO] [stdout]    |                                             ^^^^^^^^^^^ not found in `tether`
[INFO] [stdout] 
[INFO] [stdout] 
[INFO] [stdout] error: aborting due to 5 previous errors
[INFO] [stdout] 
[INFO] [stdout] 
[INFO] [stdout] Some errors have detailed explanations: E0407, E0412, E0422.
[INFO] [stdout] 
[INFO] [stdout] For more information about an error, try `rustc --explain E0407`.
[INFO] [stdout] 
[INFO] [stderr] error: could not compile `itch-lite`.
[INFO] [stdout] error: aborting due to 5 previous errors
[INFO] [stdout] 
[INFO] [stdout] 
[INFO] [stderr] 
[INFO] [stdout] Some errors have detailed explanations: E0407, E0412, E0422.
[INFO] [stdout] 
[INFO] [stderr] To learn more, run the command again with --verbose.
[INFO] [stdout] For more information about an error, try `rustc --explain E0407`.
[INFO] [stdout] 
[INFO] [stderr] warning: build failed, waiting for other jobs to finish...
[INFO] [stderr] error: build failed
[INFO] running `Command { std: "docker" "inspect" "4303660ab87d0a8f4de3cf1d73a790f202351062d7772fbf4d74b7487e893ef7", kill_on_drop: false }`
[INFO] running `Command { std: "docker" "rm" "-f" "4303660ab87d0a8f4de3cf1d73a790f202351062d7772fbf4d74b7487e893ef7", kill_on_drop: false }`
[INFO] [stdout] 4303660ab87d0a8f4de3cf1d73a790f202351062d7772fbf4d74b7487e893ef7
